8
-137567
What is 1402333 (base 8) in base 14?
a3a79
Convert 13383140 (base 10) to base 16.
cc35e4
Convert -12111210121202 (base 3) to base 5.
-1222210340
-1923225 (base 11) to base 14
-60a0cc
Convert 1613236 (base 7) to base 14.
5acc6
What is 2130132133 (base 4) in base 10?
640927
496cc (base 16) to base 8
1113314
29a973b (base 12) to base 6
500444515
366106 (base 7) to base 3
10101211021
What is -58440 (base 10) in base 13?
-207a5
Convert -fdb32 (base 16) to base 10.
-1039154
Convert -200100102121001 (base 3) to base 10.
-9751537
What is -10100110101000001111 (base 2) in base 11?
-426865
What is 1110110100001001110 (base 2) in base 12?
1b4b26
What is -224958 (base 11) in base 14?
-945b6
What is -1302433 (base 6) in base 15?
-15da6
What is 71667432 (base 8) in base 11?
861a427
Convert -102221121021 (base 3) to base 5.
-30011202
Convert 2a3237 (base 11) to base 4.
1303123103
Convert -238871 (base 10) to base 16.
-3a517
-143204401 (base 5) to base 9
-1373175
What is -48504a (base 11) in base 14?
-15dc81
Convert -5265523 (base 7) to base 10.
-638242
-565627 (base 12) to base 13
-393367
What is -10001011000001001011111 (base 2) in base 7?
-53501634
-1a9194 (base 12) to base 9
-788414
Convert -b22ac (base 14) to base 3.
-210202221101
1122102222 (base 4) to base 16
5a4aa
-74314 (base 11) to base 12
-52739
1011110101100111011000 (base 2) to base 6
150302344
What is 121303212 (base 4) in base 11?
72463
1000111112200111 (base 3) to base 9
30445614
-53d4 (base 16) to base 9
-32384
-78947 (base 10) to base 3
-11000021222
5073743 (base 9) to base 4
22110220011
-10ec2 (base 15) to base 16
-d2c5
34282 (base 10) to base 12
17a0a
32133422 (base 7) to base 16
29acaa
-4522415 (base 6) to base 16
-37d4b
Convert 1e1637 (base 15) to base 14.
2a4ab4
-41953aa (base 12) to base 11
-6aa1809
-18a7b (base 16) to base 7
-600265
What is -1408073 (base 9) in base 13?
-211119
Convert -79658 (base 11) to base 7.
-660010
What is -46355131 (base 8) in base 5?
-10040123110
Convert 1a4a1a (base 15) to base 10.
1281400
Convert 110100111110010 (base 2) to base 9.
41175
What is -3b1748 (base 12) in base 7?
-11210342
Convert 525721 (base 8) to base 12.
85381
-5662370 (base 8) to base 16
-1764f8
Convert 768520 (base 10) to base 7.
6350404
-253558 (base 10) to base 5
-31103213
101100010001011111100 (base 2) to base 11
900a72
Convert -21142454 (base 7) to base 14.
-34912b
What is -6015 (base 14) in base 9?
-24544
23b77a (base 15) to base 16
1a1580
Convert -8784665 (base 10) to base 6.
-512141425
Convert -313511550 (base 6) to base 8.
-24764732
Convert -6e8d8e (base 15) to base 14.
-9bb987
What is 1215225 (base 6) in base 11?
44654
What is -678645 (base 10) in base 11?
-423970
-1001110011101011001 (base 2) to base 11
-1aa4a4
Convert 2872344 (base 9) to base 11.
991319
Convert 135b0 (base 15) to base 4.
33021120
10132230123 (base 4) to base 11
7322a5
16d699 (base 15) to base 10
1108494
What is -123123 (base 9) in base 2?
-10010001011011100
What is -20223213332 (base 4) in base 7?
-25226045
Convert 1122212222021 (base 3) to base 4.
3113231020
1011010001000110001100 (base 2) to base 12
ba5324
What is 17468a (base 11) in base 4?
1001311312
Convert 1056464 (base 7) to base 3.
20201000012
What is 8754ba (base 13) in base 15?
42cc90
Convert 15306a7 (base 11) to base 13.
70a342
Convert 3a988c (base 14) to base 6.
111214244
Convert 1b1043 (base 12) to base 10.
478707
Convert -4089947 (base 12) to base 8.
-56205007
What is 100100000101011101 (base 2) in base 14?
3bc17
-20571 (base 15) to base 16
-19051
What is -11b0b10 (base 12) in base 6?
-202131220
111102330 (base 4) to base 5
10242403
Convert 3101a7 (base 12) to base 6.
24241131
Convert -52110021 (base 6) to base 12.
-605311
Convert -12111220110 (base 3) to base 2.
-11010100000001000
Convert -2222340341 (base 5) to base 14.
-912d75
-a3173 (base 14) to base 5
-100031224
What is a4e88d (base 15) in base 13?
1818c8b
Convert -1966801 (base 11) to base 2.
-1100101010000000111101
What is -2aaa7 (base 15) in base 8?
-414277
Convert -1104376 (base 8) to base 11.
-193335
Convert 1111001011101101110 (base 2) to base 14.
cd450
150337 (base 9) to base 13
32c20
What is -253400 (base 8) in base 14?
-24000
Convert -518a (base 11) to base 5.
-204444
1507b5b (base 13) to base 15
8c555d
Convert 34760 (base 12) to base 15.
15c00
What is -100101101100111000 (base 2) in base 16?
-25b38
Convert 10001010011001110010101 (base 2) to base 12.
1628645
Convert 3460ba (base 12) to base 13.
235417
Convert -20210211020 (base 3) to base 5.
-13242012
1081d4 (base 15) to base 14
166a3d
What is -a4856a (base 11) in base 10?
-1680403
268cc2 (base 14) to base 12
54204a
-b5311 (base 16) to base 13
-1cca64
56606 (base 13) to base 10
157007
What is -2330749 (base 10) in base 11?
-1352143
2452095 (base 11) to base 15
5932ec
-330031032 (base 4) to base 12
-ba866
What is -30640244 (base 9) in base 4?
-320030012233
Convert 118990a (base 11) to base 4.
13313213202
100011332 (base 4) to base 16
1017e
What is -3cbd50 (base 14) in base 12?
-857596
Convert 11758172 (base 10) to base 9.
24111155
What is -425087 (base 10) in base 5?
-102100322
What is -322243201 (base 6) in base 5?
-2430312424
What is -1101110 (base 4) in base 13?
-24a4
-13430344 (base 6) to base 14
-bbb84
1614016 (base 10) to base 16
18a0c0
3463233 (base 7) to base 14
b4b1a
What is -11101222102202 (base 3) in base 8?
-10735751
10001111000111001 (base 2) to base 6
1323121
What is -32a692 (base 11) in base 2?
-10000000100011101100
-36964 (base 13) to base 6
-2053044
What is -264165 (base 10) in base 15?
-53410
What is 656473 (base 8) in base 6?
4420415
What is 10110001001101101 (base 2) in base 10?
90733
157318 (base 11) to base 5
30301310
aa835 (base 11) to base 9
264424
24944 (base 13) to base 9
112515
Convert -14511411 (base 8) to base 10.
-3314441
What is -2054555 (base 7) in base 13?
-8941a
11975ca (base 13) to base 9
11258480
What is 2230101 (base 4) in base 10?
11025
What is -1101011001100001 (base 2) in base 7?
-316001
-960730 (base 13) to base 9
-6545544
Convert 1258905 (base 11) to base 7.
24342430
1010101100110110000 (base 2) to base 5
42210030
Convert 211201220 (base 3) to base 13.
7710
100112102 (base 3) to base 11
5249
What is -102313301313 (base 4) in base 6?
-254011023
22a76 (base 13) to base 10
63303
What is -410330315 (base 6) in base 15?
-93ba75
1236322 (base 7) to base 2
100111001110101111
What is 4034335 (base 8) in base 2?
100000011100011011101
-26827 (base 10) to base 13
-c298
What is -197677 (base 13) in base 16?
-9d6e1
Convert -2210022211001 (base 3) to base 11.
-922a36
Convert -1318120 (base 11) to base 9.
-4254685
What is -10100100010010010010 (base 2) in base 6?
-22231202
11001010111110101 (base 2) to base 14
29c33
Convert -a2936 (base 14) to base 3.
-201212222112
Convert -55738 (base 13) to base 16.
-25d8c
Convert 67c4b (base 16) to base 9.
717031
1211100111202 (base 3) to base 14
1b4019
Convert -2004141 (base 6) to base 4.
-113000131
Convert 1e97c3 (base 16) to base 2.
111101001011111000011
405026 (base 7) to base 3
10111121012
What is -105453152 (base 7) in base 10?
-6433394
-435047 (base 9) to base 16
-3f5ef
What is -51ca (base 14) in base 8?
-33416
Convert 1088376 (base 10) to base 15.
167736
Convert b99357 (base 13) to base 2.
10000101000110110011000
Convert 11170005 (base 8) to base 7.
26401361
-1101111111000110100101 (base 2) to base 16
-37f1a5
-250148 (base 9) to base 15
-2eb38
111100010111010010011 (base 2) to base 11
1131115
Convert -102000121212220 (base 3) to base 16.
-596370
Convert 54c27a (base 13) to base 9.
3674057
What is -10bd4 (base 14) in base 11?
-28693
11554335 (base 6) to base 10
372947
Convert 1324335 (base 7) to base 13.
61509
Convert -2100022001202 (base 3) to base 14.
-246096
What is 101011010101101001010 (base 2) in base 14?
28d762
-30f897 (base 16) to base 5
-1310144432
What is 104431334 (base 5) in base 7?
3655420
Convert 78241 (base 10) to base 8.
230641
Convert -172254 (base 10) to base 4.
-222003132
32233212 (base 4) to base 15
12d60
What is -265104 (base 7) in base 15?
-eb43
-3322130302 (base 4) to base 11
-640804
-211120121201020 (base 3) to base 5
-11032433010
Convert 142257 (base 10) to base 5.
14023012
Convert -1010101001110000111 (base 2) to base 5.
-4213